{"id":1186,"date":"2022-03-17T14:44:38","date_gmt":"2022-03-17T13:44:38","guid":{"rendered":"http:\/\/moszielonka.pl\/?page_id=1186"},"modified":"2024-02-14T15:03:56","modified_gmt":"2024-02-14T14:03:56","slug":"internat-rudzienko","status":"publish","type":"page","link":"https:\/\/moszielonka.pl\/index.php\/internaty\/internat-rudzienko\/","title":{"rendered":"Internat Rudzienko"},"content":{"rendered":"\t\t<div data-elementor-type=\"wp-page\" data-elementor-id=\"1186\" class=\"elementor elementor-1186\">\n\t\t\t\t\t\t<section class=\"elementor-section elementor-top-section elementor-element elementor-element-c6014da elementor-section-boxed elementor-section-height-default elementor-section-height-default\" data-id=\"c6014da\" data-element_type=\"section\">\n\t\t\t\t\t\t<div class=\"elementor-container elementor-column-gap-default\">\n\t\t\t\t\t<div class=\"elementor-column elementor-col-100 elementor-top-column elementor-element elementor-element-a1829b7\" data-id=\"a1829b7\" data-element_type=\"column\">\n\t\t\t<div class=\"elementor-widget-wrap elementor-element-populated\">\n\t\t\t\t\t\t<div class=\"elementor-element elementor-element-11d78ce elementor-widget elementor-widget-text-editor\" data-id=\"11d78ce\" data-element_type=\"widget\" data-widget_type=\"text-editor.default\">\n\t\t\t\t<div class=\"elementor-widget-container\">\n\t\t\t<style>\/*! elementor - v3.19.0 - 28-02-2024 *\/\n.elementor-widget-text-editor.elementor-drop-cap-view-stacked .elementor-drop-cap{background-color:#69727d;color:#fff}.elementor-widget-text-editor.elementor-drop-cap-view-framed .elementor-drop-cap{color:#69727d;border:3px solid;background-color:transparent}.elementor-widget-text-editor:not(.elementor-drop-cap-view-default) .elementor-drop-cap{margin-top:8px}.elementor-widget-text-editor:not(.elementor-drop-cap-view-default) .elementor-drop-cap-letter{width:1em;height:1em}.elementor-widget-text-editor .elementor-drop-cap{float:left;text-align:center;line-height:1;font-size:50px}.elementor-widget-text-editor .elementor-drop-cap-letter{display:inline-block}<\/style>\t\t\t\t<p class=\"MsoNormal\" style=\"margin-bottom: 7.5pt; line-height: 15pt; background-image: initial; background-position: initial; background-size: initial; background-repeat: initial; background-attachment: initial; background-origin: initial; background-clip: initial;\"><br><\/p><p class=\"MsoNormal\" style=\"margin-bottom: 0.0001pt; text-align: justify; line-height: 15pt; background-image: initial; background-position: initial; background-size: initial; background-repeat: initial; background-attachment: initial; background-origin: initial; background-clip: initial;\"><span style=\"font-size:10.5pt; font-family:Arial;color:#383838;mso-fareast-language:PL\">&nbsp;Internat \u201eRudzienko\u201d jest internatem m\u0119skim. Dysponuje 60-oma miejscami<br>w&nbsp;pokojach czteroosobowych. Z&nbsp;uwagi na spor\u0105 odleg\u0142o\u015b\u0107 od<br>Niepublicznej Szko\u0142y Podstawowej w&nbsp;Zielonce ch\u0142opcy s\u0105 dowo\u017ceni do szko\u0142y<br>autobusem szkolnym. Spokojna okolica jest pozbawiona \u201epokus cywilizacji\u201d, ale<br>w&nbsp;zamian umo\u017cliwia odbywanie spacer\u00f3w i&nbsp;uprawianie sport\u00f3w na \u0142onie<br>przyrody. Opr\u00f3cz bie\u017c\u0105cych zaj\u0119\u0107 ch\u0142opcy mog\u0105 uczestniczy\u0107 w&nbsp;zaj\u0119ciach<br>sekcji plastycznej, sportowych, filmowej (DKF), kulinarnej, wokalnej<br>i&nbsp;artystycznej. W&nbsp;ramach samorz\u0105du ch\u0142opcy wsp\u00f3\u0142pracuj\u0105<br>i&nbsp;wp\u0142ywaj\u0105 na organizacj\u0119 i&nbsp;bie\u017c\u0105ce funkcjonowanie Internatu.<o:p><\/o:p><\/span><\/p>\n<p><\/p>\n<p class=\"MsoNormal\" style=\"margin-bottom: 0.0001pt; text-align: justify; line-height: 15pt; background-image: initial; background-position: initial; background-size: initial; background-repeat: initial; background-attachment: initial; background-origin: initial; background-clip: initial;\"><span style=\"font-size:10.5pt; font-family:Arial;color:#383838;mso-fareast-language:PL\">&nbsp; &nbsp; Wykwalifikowana<br>i&nbsp;zaanga\u017cowana w&nbsp;swoj\u0105 prac\u0119 kadra zapewnia bie\u017c\u0105c\u0105 opiek\u0119<br>i&nbsp;wsparcie zar\u00f3wno w&nbsp;sprawach \u201eo\u015brodkowych\u201d jak i&nbsp;osobistych.<br>Staramy si\u0119 stworzy\u0107 mi\u0142\u0105, rodzinn\u0105 atmosfer\u0119, kt\u00f3ra pozwoli wychowankom<br>\u201eodnale\u017a\u0107 siebie\u201d, a&nbsp;tak\u017ce zapewnia poczucie bezpiecze\u0144stwa. Wychowankowie<br>mog\u0105 na miejscu korzysta\u0107 z&nbsp;pomocy psychologa, terapeuty, socjoterapeuty.<o:p><\/o:p><\/span><\/p>\t\t\t\t\t\t<\/div>\n\t\t\t\t<\/div>\n\t\t\t\t\t<\/div>\n\t\t<\/div>\n\t\t\t\t\t<\/div>\n\t\t<\/section>\n\t\t\t\t<\/div>\n\t\t","protected":false},"excerpt":{"rendered":"<p>&nbsp;Internat \u201eRudzienko\u201d jest internatem m\u0119skim. Dysponuje 60-oma miejscamiw&nbsp;pokojach czteroosobowych. Z&nbsp;uwagi na spor\u0105 [&hellip;]<\/p>\n","protected":false},"author":1,"featured_media":0,"parent":1180,"menu_order":10,"comment_status":"closed","ping_status":"closed","template":"","meta":{"footnotes":""},"class_list":["post-1186","page","type-page","status-publish","hentry"],"_links":{"self":[{"href":"https:\/\/moszielonka.pl\/index.php\/wp-json\/wp\/v2\/pages\/1186","targetHints":{"allow":["GET"]}}],"collection":[{"href":"https:\/\/moszielonka.pl\/index.php\/wp-json\/wp\/v2\/pages"}],"about":[{"href":"https:\/\/moszielonka.pl\/index.php\/wp-json\/wp\/v2\/types\/page"}],"author":[{"embeddable":true,"href":"https:\/\/moszielonka.pl\/index.php\/wp-json\/wp\/v2\/users\/1"}],"replies":[{"embeddable":true,"href":"https:\/\/moszielonka.pl\/index.php\/wp-json\/wp\/v2\/comments?post=1186"}],"version-history":[{"count":0,"href":"https:\/\/moszielonka.pl\/index.php\/wp-json\/wp\/v2\/pages\/1186\/revisions"}],"up":[{"embeddable":true,"href":"https:\/\/moszielonka.pl\/index.php\/wp-json\/wp\/v2\/pages\/1180"}],"wp:attachment":[{"href":"https:\/\/moszielonka.pl\/index.php\/wp-json\/wp\/v2\/media?parent=1186"}],"curies":[{"name":"wp","href":"https:\/\/api.w.org\/{rel}","templated":true}]}}